{"id":53,"date":"2012-04-18T03:14:14","date_gmt":"2012-04-18T01:14:14","guid":{"rendered":"https:\/\/papnovelde2.hu\/?page_id=53"},"modified":"2019-10-11T23:20:16","modified_gmt":"2019-10-11T21:20:16","slug":"irjon-nekunk","status":"publish","type":"page","link":"https:\/\/papnovelde2.hu\/?page_id=53","title":{"rendered":"Hibabejelent\u00e9s"},"content":{"rendered":"<p style=\"text-align: justify;\"><a href=\"https:\/\/papnovelde2.hu\/irjon-nekunk\/attachment\/2012-04-24_011648\/\" rel=\"attachment wp-att-187\"><img loading=\"lazy\" decoding=\"async\" class=\"alignright wp-image-187\" title=\"Email\" src=\"https:\/\/papnovelde2.hu\/wp-content\/uploads\/2012\/04\/2012-04-24_011648-300x211.png\" alt=\"\" width=\"180\" height=\"127\" srcset=\"https:\/\/papnovelde2.hu\/wp-content\/uploads\/2012\/04\/2012-04-24_011648-300x211.png 300w, https:\/\/papnovelde2.hu\/wp-content\/uploads\/2012\/04\/2012-04-24_011648.png 446w\" sizes=\"auto, (max-width: 180px) 100vw, 180px\" \/><\/a>Ez a men\u00fcpont arra szolg\u00e1l, hogy \u00e9rtes\u00edtse a gondnokon kereszt\u00fcl a k\u00f6z\u00f6s k\u00e9pvisel\u0151t, ha valami hib\u00e1t \u00e9szlel, illetve javaslatait,\u00a0\u00e9szrev\u00e9teleit, k\u00e9rd\u00e9seit is elk\u00fcldheti. Itt (is) k\u00f6z\u00f6lheti, ha szeretne a kaputelefon list\u00e1j\u00e1n v\u00e1ltoztatni.<\/p>\n<p style=\"text-align: justify;\">K\u00fcl\u00f6n \u00f6r\u00f6mmel fogadjuk a megb\u00edzhat\u00f3 referenci\u00e1val rendelkez\u0151, korrekt \u00e1ron dolgoz\u00f3 iparosok jelentkez\u00e9s\u00e9t, illetve aj\u00e1nl\u00e1s\u00e1t.<\/p>\n\n<div class=\"wpcf7 no-js\" id=\"wpcf7-f71-o1\" lang=\"\" dir=\"ltr\" data-wpcf7-id=\"71\">\n<div class=\"screen-reader-response\"><p role=\"status\" aria-live=\"polite\" aria-atomic=\"true\"><\/p> <ul><\/ul><\/div>\n<form action=\"\/index.php?rest_route=%2Fwp%2Fv2%2Fpages%2F53#wpcf7-f71-o1\" method=\"post\" class=\"wpcf7-form init\" aria-label=\"Kapcsolatfelv\u00e9teli \u0171rlap\" novalidate=\"novalidate\" data-status=\"init\">\n<fieldset class=\"hidden-fields-container\"><input type=\"hidden\" name=\"_wpcf7\" value=\"71\" \/><input type=\"hidden\" name=\"_wpcf7_version\" value=\"6.1.4\" \/><input type=\"hidden\" name=\"_wpcf7_locale\" value=\"\" \/><input type=\"hidden\" name=\"_wpcf7_unit_tag\" value=\"wpcf7-f71-o1\" \/><input type=\"hidden\" name=\"_wpcf7_container_post\" value=\"0\" \/><input type=\"hidden\" name=\"_wpcf7_posted_data_hash\" value=\"\" \/>\n<\/fieldset>\n<p>N\u00e9v (k\u00f6telez\u0151)\n<\/p>\n<p><span class=\"wpcf7-form-control-wrap\" data-name=\"your-name\"><input size=\"40\" maxlength=\"400\" class=\"wpcf7-form-control wpcf7-text wpcf7-validates-as-required\" aria-required=\"true\" aria-invalid=\"false\" value=\"\" type=\"text\" name=\"your-name\" \/><\/span>\n<\/p>\n<p>Email c\u00edm (k\u00f6telez\u0151)\n<\/p>\n<p><span class=\"wpcf7-form-control-wrap\" data-name=\"your-email\"><input size=\"40\" maxlength=\"400\" class=\"wpcf7-form-control wpcf7-email wpcf7-validates-as-required wpcf7-text wpcf7-validates-as-email\" aria-required=\"true\" aria-invalid=\"false\" value=\"\" type=\"email\" name=\"your-email\" \/><\/span>\n<\/p>\n<p>T\u00e1rgy\n<\/p>\n<p><span class=\"wpcf7-form-control-wrap\" data-name=\"your-subject\"><input size=\"40\" maxlength=\"400\" class=\"wpcf7-form-control wpcf7-text\" aria-invalid=\"false\" value=\"\" type=\"text\" name=\"your-subject\" \/><\/span>\n<\/p>\n<p>\u00dczenet\n<\/p>\n<p><span class=\"wpcf7-form-control-wrap\" data-name=\"your-message\"><textarea cols=\"40\" rows=\"10\" maxlength=\"2000\" class=\"wpcf7-form-control wpcf7-textarea\" aria-invalid=\"false\" name=\"your-message\"><\/textarea><\/span>\n<\/p>\n<p>K\u00e9rj\u00fck, hogy jelezze az al\u00e1bbiak k\u00f6z\u00fcl, mir\u0151l szeretne a honlapunkon olvasni:\n<\/p>\n<p><span class=\"wpcf7-form-control-wrap\" data-name=\"checkbox-339\"><span class=\"wpcf7-form-control wpcf7-checkbox\"><span class=\"wpcf7-list-item first\"><input type=\"checkbox\" name=\"checkbox-339[]\" value=\"Fel\u00faj\u00edt\u00e1s\" \/><span class=\"wpcf7-list-item-label\">Fel\u00faj\u00edt\u00e1s<\/span><\/span><span class=\"wpcf7-list-item\"><input type=\"checkbox\" name=\"checkbox-339[]\" value=\"Terveink\" \/><span class=\"wpcf7-list-item-label\">Terveink<\/span><\/span><span class=\"wpcf7-list-item\"><input type=\"checkbox\" name=\"checkbox-339[]\" value=\"M\u00faltunk\" \/><span class=\"wpcf7-list-item-label\">M\u00faltunk<\/span><\/span><span class=\"wpcf7-list-item\"><input type=\"checkbox\" name=\"checkbox-339[]\" value=\"K\u00f6lts\u00e9g cs\u00f6kkent\u00e9s\" \/><span class=\"wpcf7-list-item-label\">K\u00f6lts\u00e9g cs\u00f6kkent\u00e9s<\/span><\/span><span class=\"wpcf7-list-item\"><input type=\"checkbox\" name=\"checkbox-339[]\" value=\"Fizet\u00e9si mor\u00e1l\" \/><span class=\"wpcf7-list-item-label\">Fizet\u00e9si mor\u00e1l<\/span><\/span><span class=\"wpcf7-list-item\"><input type=\"checkbox\" name=\"checkbox-339[]\" value=\"Kapcsolatok\" \/><span class=\"wpcf7-list-item-label\">Kapcsolatok<\/span><\/span><span class=\"wpcf7-list-item last\"><input type=\"checkbox\" name=\"checkbox-339[]\" value=\"Egy\u00e9b\" \/><span class=\"wpcf7-list-item-label\">Egy\u00e9b<\/span><\/span><\/span><\/span>\n<\/p>\n<p><input class=\"wpcf7-form-control wpcf7-submit has-spinner\" type=\"submit\" value=\"Elk\u00fcld\u00e9s\" \/>\n<\/p><p style=\"display: none !important;\" class=\"akismet-fields-container\" data-prefix=\"_wpcf7_ak_\"><label>&#916;<textarea name=\"_wpcf7_ak_hp_textarea\" cols=\"45\" rows=\"8\" maxlength=\"100\"><\/textarea><\/label><input type=\"hidden\" id=\"ak_js_1\" name=\"_wpcf7_ak_js\" value=\"34\"\/><script>document.getElementById( \"ak_js_1\" ).setAttribute( \"value\", ( new Date() ).getTime() );<\/script><\/p><div class=\"wpcf7-response-output\" aria-hidden=\"true\"><\/div>\n<\/form>\n<\/div>\n\n","protected":false},"excerpt":{"rendered":"<p>Ez a men\u00fcpont arra szolg\u00e1l, hogy \u00e9rtes\u00edtse a gondnokon kereszt\u00fcl a k\u00f6z\u00f6s k\u00e9pvisel\u0151t, ha valami hib\u00e1t \u00e9szlel, illetve javaslatait,\u00a0\u00e9szrev\u00e9teleit, k\u00e9rd\u00e9seit is elk\u00fcldheti. Itt (is) k\u00f6z\u00f6lheti, ha szeretne a kaputelefon list\u00e1j\u00e1n&#8230;<\/p>\n","protected":false},"author":1,"featured_media":0,"parent":0,"menu_order":50,"comment_status":"closed","ping_status":"closed","template":"","meta":{"footnotes":""},"class_list":["post-53","page","type-page","status-publish","hentry","entry","simple"],"_links":{"self":[{"href":"https:\/\/papnovelde2.hu\/index.php?rest_route=\/wp\/v2\/pages\/53","targetHints":{"allow":["GET"]}}],"collection":[{"href":"https:\/\/papnovelde2.hu\/index.php?rest_route=\/wp\/v2\/pages"}],"about":[{"href":"https:\/\/papnovelde2.hu\/index.php?rest_route=\/wp\/v2\/types\/page"}],"author":[{"embeddable":true,"href":"https:\/\/papnovelde2.hu\/index.php?rest_route=\/wp\/v2\/users\/1"}],"replies":[{"embeddable":true,"href":"https:\/\/papnovelde2.hu\/index.php?rest_route=%2Fwp%2Fv2%2Fcomments&post=53"}],"version-history":[{"count":9,"href":"https:\/\/papnovelde2.hu\/index.php?rest_route=\/wp\/v2\/pages\/53\/revisions"}],"predecessor-version":[{"id":1484,"href":"https:\/\/papnovelde2.hu\/index.php?rest_route=\/wp\/v2\/pages\/53\/revisions\/1484"}],"wp:attachment":[{"href":"https:\/\/papnovelde2.hu\/index.php?rest_route=%2Fwp%2Fv2%2Fmedia&parent=53"}],"curies":[{"name":"wp","href":"https:\/\/api.w.org\/{rel}","templated":true}]}}